be the first derivative of -p**4/4 + 5*p**3/3 - p**2/2 - 59. Calculate x(5).
-5
Let i = -2 - -5. Let c(f) = -f - i*f + 3*f - 3 + 0*f. What is c(-5)?
2
Let n(r) be the second derivative of -r**4/12 + 7*r**3/6 - 3*r**2 - 3*r. Let j = 8 - 3. Determine n(j).
4
Let z(o) = o**3 - o**2 + 2. Suppose -3*d - 2*d = 0. Let f be z(d). Suppose f*i + 4 = j, -3*j - i = -4*i - 12. Let m(a) = a**2 - 3*a - 3. Give m(j).
1
Suppose y = 2*n, 6 = y - 2*y + 5*n. Let x(d) = -d - 2. What is x(y)?
-6
Let i(g) be the first derivative of -g**2 - 7*g - 5. Let b = 31 - 45. Let q = b - -9. Determine i(q).
3
Let x be 12/10*(-3 + 8). Let f(d) = -d**2 + 6*d + 5. Calculate f(x).
5
Let p(j) = -6 + 0*j + 0 + 4 - j. Let b be -3 - (-1 + 1 + 2). Let z be p(b). Let y(u) = u**3 - u**2 - 4*u + 2. Determine y(z).
8
Suppose 5*g - 19 - 6 = 0. Let x(i) = -4*i + g + 0 + 5*i. Let j be x(-6). Let c(d) = 8*d**2 + 1. Calculate c(j).
9
Let v(p) = -3*p + 5*p + 1 - 5*p. Suppose -2*f - 20 = -4*r + 2*f, -15 = 5*f. Suppose -r*w + 8 = 0, -4*d - 5*w + 16 = -0*d. Give v(d).
4
Let d be (-3)/2*((-48)/(-9))/8. Let i(u) = -u - 1. Calculate i(d).
0
Let u(w) = 2 + 2 + 0*w + w - 3. Determine u(2).
3
Let r = 13 - 16. Let b(f) be the second derivative of -f**5/20 - f**4/6 + f**3/2 + 3*f**2/2 + f. Let z be b(r). Let q(v) = -v**2 + 3*v - 3. Determine q(z).
-3
Let a(w) be the first derivative of -w**4/4 - w**3 + 2*w**2 + w + 51. Give a(-3).
-11
Suppose -4*x = -4*a + 16, 5*a + 4*x = -3 + 23. Let t(z) be the third derivative of -z**2 + 0*z**a - 1/6*z**3 + 0 - 1/60*z**5 + 0*z. Determine t(-2).
-5
Suppose -k = 1, -6 = -5*i - 5*k - 1. Let h(y) = 2 - y - 2 + i. Calculate h(-5).
7
Let j be (-5)/(-10) - 10/(-4). Let b(l) = -l**2 + 2*l - 2. Let x(w) = -2*w**2 + 3*w - 5. Let c(o) = -5*b(o) + 2*x(o). Give c(j).
-3
Let a(m) = m**2 - 11*m - 9. Let l be a(12). Suppose 0 = -l*t - 7 + 16. Let x(v) = -v**t - 4*v**2 + 0*v + 2 + 0 + 0*v. Give x(-4).
2
Let g(c) be the first derivative of -c**4/4 + 7*c**3/3 - 10*c - 1. Calculate g(7).
-10
Let d be 20/4 + (-1)/1. Let a(m) = 2*m**2 - 2 - d*m + 4 + 3 - 2 + m**3. Determine a(-4).
-13
Let y = -2 - -1. Let f = y + -1. Let a(w) = 9*w**2 - 5*w - 7. Let u(i) = 5*i**2 - 3*i - 4. Let v(g) = -3*a(g) + 5*u(g). Determine v(f).
-7
Let g(z) = -12*z - 4. Let a(i) = 23*i + 7. Let m(c) = 3*a(c) + 5*g(c). Determine m(1).
10
Let x(p) = p**3 + 4*p**2 - p - 5. Let j(l) = l**3 + 11*l**2 - 4. Let o be j(-11). Determine x(o).
-1
Suppose 3*x = 2 + 7. Let h(p) = -2*p + 3 + 4*p - x. Determine h(2).
4
Let r(h) = 2*h**2 - h + 1. Let d(l) = -l**3 + 5*l**2 + 1. Let i be d(5). Let n be (0 - (-3 - -1)) + i. Suppose -o = -n*o + 4. What is r(o)?
7
Let x(s) = s**3 - s**2. Let v be x(2). Suppose 2*m - 100 = -2*m - 4*f, -5*m = -2*f - 139. Let c(r) = 11 + r**2 + 11 - 2*r - m. Give c(v).
3
Let g be (-43)/(-7) - (-3)/(-21). Let l(c) be the second derivative of -c**5/20 + c**4/2 - c**3/3 + 9*c**2/2 + 3*c. What is l(g)?
-3
Let a(x) be the second derivative of x**5/20 + x**4/12 + x**3/6 + 2*x**2 + 2*x. Let c be (-4 - 1)*(-2)/5. Let r = c + -2. Give a(r).
4
Let j = 12 - 10. Suppose -4*f - n = -6, 3*f - 3*n + 7 = j*n. Let i(k) = 2*k**2 + 2*k - 1. Calculate i(f).
3
Let g(m) be the first derivative of -m**4/12 - m**3/3 + m**2 - 1. Let h(c) be the second derivative of g(c). What is h(-2)?
2
Let s(u) = -u**3 - 5*u**2 + 6*u - 6. Let v be (-9)/(-6) + (-45)/6. What is s(v)?
-6
Let f(w) be the third derivative of w**5/60 + w**4/24 - w**3/2 - 2*w**2. Let d(t) = -t - 25. Let o be d(-21). Give f(o).
9
Let u(i) = -3 + 0*i + 7*i - 4*i. Suppose -33 = -0*z - 4*z + 5*y, 17 = z - 3*y. Calculate u(z).
3
Let f(s) = -s - 6. Suppose 3*x = -0*x. Give f(x).
-6
Suppose 10*c + 38 = -32. Let h(u) = -5 + 0*u + 1 - u + 2. What is h(c)?
5
Let i be 9/(-3) + (-3)/(-1). Suppose -2*z + i*z - g = -3, 5*g - 3 = -4*z. Let b(l) = -4*l - 1. Let j(h) = -16*h - 5. Let q(k) = -9*b(k) + 2*j(k). Give q(z).
7
Let r = 7 - 6. Let o(w) = w**3 + w - 1. Let g(z) = 6*z**3 - z**2 + 4*z - 4. Let u(h) = r*g(h) - 5*o(h). Calculate u(1).
0
Suppose -2 = -5*s + 8. Let k(o) = 4 - 3 - 3*o + s. Suppose 3*l + 8 = 7*l - 2*x, 0 = 4*x. Calculate k(l).
-3
Let l = 35 + -41. Let o(r) = -r**3 - 6*r**2 - 1. Determine o(l).
-1
Suppose -4*g - 40 = -t + 6*t, -5*g - 45 = 5*t. Let f(k) = -2*k**2 - 7*k - 1. Determine f(g).
-16
Let b(c) = -c**2 + c + 1. Suppose 10 = -l + 6*l. Suppose -p - 3*d + 0*d = 17, 0 = -5*p - l*d - 20. What is b(p)?
-5
Let y(j) = -5*j**3 + 4*j**3 + 1 - 16*j**2 + 12*j**2 + 7*j**2 - 2*j. What is y(3)?
-5
Let s(q) = q**2 + q + 4. Suppose 3*u + 6 + 9 = 0. Let l be 1 + u/((-10)/(-8)). Determine s(l).
10
Let k(q) be the third derivative of -q**3 - 1/4*q**4 - 4*q**2 + 0*q + 0 - 1/60*q**5. Determine k(-4).
2
Let y = -7 - -3. Let c(r) be the first derivative of -r**3 + r**2 + r + 3. Let p(g) = -4*g**2 + 2*g + 2. Let t(k) = -5*c(k) + 4*p(k). Calculate t(y).
-5
Let p(f) = 2*f + 3*f + 7 - 6*f + 3. What is p(5)?
5
Let r(h) = h + 5. Let v be r(-10). Let j(q) = q**3 + 6*q**2 + 4*q. Calculate j(v).
5
Let h be -1 + 1 + 1/3. Let g(l) be the first derivative of -l**2 + 1 + 0*l - h*l**3. What is g(-4)?
-8
Let g(i) be the first derivative of i**2 - 9*i - 2. Let c be g(7). Let o(w) be the second derivative of -w**5/20 + 5*w**4/12 - 3*w**2/2 + w. What is o(c)?
-3
Let s(p) = -p**3 - 4*p + 0*p**3 + 2 - 2*p**2 + 5*p**2 + p**2. What is s(2)?
2
Let c(v) = -v**2 - v + 3. Let w be c(3). Let a(p) = -p - 12. Let y be a(w). Let n(t) = -t. Calculate n(y).
3
Let n(t) = -7 - 4*t - 6*t + 10*t - 3*t. Give n(5).
-22
Let i = 5 - 3. Let v(t) = -3*t - t + 0 + i. Let b(m) = -m - 3. Let j be b(-5). Determine v(j).
-6
Let x(w) be the third derivative of -w**6/120 - w**5/20 + w**4/8 + w**3/3 - w**2. Suppose -2*m + 2*r = 6, 13*m - 4*r = 18*m + 24. Determine x(m).
6
Let m(v) = 5*v - 4*v**2 - 3 + 3*v**2 + 0*v**2. What is m(3)?
3
Let a(r) be the third derivative of r**4/24 + 2*r**3/3 - 3*r**2. Let p be 0*(-2 + (-10)/(-4)). Determine a(p).
4
Suppose -4*r = -4*t + 8, r = 4*t - 1 + 2. Suppose -3*y = 4*j, y - 6*y = 4*j. Let c be (t/(-2) - 0)*j. Let x(d) = -d**3 - d**2 - d - 5. Give x(c).
-5
Let n(o) be the second derivative of 0*o**2 + 0*o**3 + 0 + o - 1/6*o**4 - 1/20*o**5. Suppose 6*z - 5*z + 7 = -2*d, -3*d + 3 = -3*z. Determine n(z).
9
Let o(c) be the third derivative of c**5/60 - c**4/6 + c**3/2 - c**2. Let b = -12 + 16. Suppose b*k - 5*v - 6 = 0, 4*v = k - 2 + 6. Calculate o(k).
3
Let c(i) = -5*i**3 - 5*i + 20. Let v(p) = p**3 + p - 5. Let f(o) = 2*c(o) + 9*v(o). Determine f(0).
-5
Let m(a) be the first derivative of -a**3/3 + 3*a**2/2 - 6*a + 8. Give m(5).
-16
Let f be (2 - 1 - -1) + 1 + -5. Let z(v) = -7*v**2 - 2*v + 2. Calculate z(f).
-22
Let j = 35/78 - -2/39. Let p(v) be the second derivative of -v + 1/2*v**2 - j*v**3 + 0 - 1/12*v**4. Give p(-4).
-3
Let n(x) = -x**3 - 6*x**2 - 5*x - 5. Suppose -u + 5*r = u + 20, 2*u + 3*r + 4 = 0. Calculate n(u).
-5
Let u(b) = b**2 + 0*b + b + 6 - 8*b. Suppose 3*x + 4 - 19 = 0. Give u(x).
-4
Let u(o) = o**2 - 5*o + 2. Suppose -4*q = -3*q + 5*i - 9, -q - 2*i - 3 = 0. Let r(k) = -k**2 - 10*k + 14. Let n be r(q). Give u(n).
-4
Let y(n) = 12*n - 1. Let t(f) = 13*f - 1. Let b(g) = 5*t(g) - 6*y(g). Suppose 8 - 2 = -3*z. Let m be 3/(-6)*(z + -2). Determine b(m).
-13
Let j(o) = 4*o - 72. Let d be j(18). Let p(r) = r - 3. Give p(d).
-3
Let s(n) be the first derivative of 8*n**3/3 - 28. Suppose -4*d - 30 = -2*d. Let a be (-21)/d - (-2)/(-5). What is s(a)?
8
Let p(l) = -14*l**2 - 41*l + 2. Let s(k) = 5*k**2 + 14*k - 1. Let d(q) = -6*p(q) - 17*s(q). Give d(6).
17
Let l(w) = 2 + w**3 - 3*w**3 - 3*w**2 - w**3 + 2*w**3 - 2*w. Give l(-3).
8
Let v(y) = -2*y + 4. Suppose -4*d + 22 = 10. Calculate v(d).
-2
Let u be 8 - 2*(5 + -4). Let h(a) = a + 5*a - u + 5. Let k = 3 - 2. What is h(k)?
5
Let y = 6 - -5. Let u = -17 + y. Let a(z) = -5*z - 4. Let p(o) = -o - 1. Let m(x) = a(x) - 6*p(x). Give m(u).
-4
Let z(f) be the first derivative of f**4/4 - 2*f**3 - 2*f**2 + f - 26. What is z(6)?
-23
Suppose 0 = -2*u - o, u + 5*o = -1 - 17. Let h(l) = -l**2 + l**2 - 6*l + 4 + l**u. Suppose -3*a + 3*i + 18 = 2*i, -18 = -3*a + 3*i. Give h(a).
4
Let v(k) be the third derivative of -5*k**4/8 + 2*k**3/3 + k**2. Let q(m) = 7*m - 2. Suppose -5*n + 13 = 38. Let l(d) = n*q(d) - 2*v(d). What is l(-2)?
12
Let t(w) = w**2 - 6*w + 9. Su